 is divided by 3 - 9/p - -3?
8
Suppose 118*j - 117*j - 8 = 0. What is the remainder when j is divided by 3?
2
Calculate the remainder when 46 is divided by 40/12*(-2 - (-44)/10).
6
Suppose -3*x + 8 + 107 = 5*s, -4*s - 61 = -x. Suppose -4*k - 36 = -7*k. Calculate the remainder when x is divided by k.
9
Let u = -7 - -11. Suppose 0 = m - 3*k - 10, -u*m - 3*k = -10. Suppose 4*f = f + m*d + 1, -3*d + 1 = -2*f. Calculate the remainder when f is divided by 4.
3
Suppose -s - 1 = -41. Calculate the remainder when s is divided by 14.
12
Let l(p) = -p**2 + 5*p + 6. Calculate the remainder when ((-196)/(-10))/2 + 8/(-10) is divided by l(5).
3
Suppose -5*a = 5*t - 205, 4*a - 6*a + 94 = -2*t. Calculate the remainder when a is divided by 12.
8
Let t(p) = -p**3 + 7*p**2 + 11*p - 8. Suppose 4*a - 35 + 3 = 0. Calculate the remainder when 31 is divided by t(a).
15
Let j(p) = -p**3 + 6*p**2 - 4*p + 3. Suppose -4*d + 175 = d. Calculate the remainder when d is divided by j(4).
16
Suppose -a + 2*j - 2 = 0, 7*j - 8 = -a + 4*j. What is the remainder when a is divided by 1/(-2)*(-5 + 3)?
0
Suppose 0*l = -3*l + 9. Suppose 4*c - 53 = -y, 4*y = 3*c - 0*c - 35. Suppose -2*t = -f + c, 2*f - t - 5 = 9. Calculate the remainder when f is divided by l.
2
Let s = 9 - 6. Let n(b) = b**3 - 4*b**2 - 6*b + 1. Let i be n(5). Calculate the remainder when (-1)/4 + (-21)/i is divided by s.
2
Suppose -5*s - 4*m - m + 275 = 0, 3*s - m = 161. Calculate the remainder when s is divided by 19.
16
Let b(r) = 5 + 13*r + 0 - 4. Calculate the remainder when b(1) is divided by 4/6 - 26/(-6).
4
Let a = 13 + 30. Calculate the remainder when a is divided by 12.
7
Suppose 13 + 7 = 2*c. Calculate the remainder when 58 is divided by c.
8
Suppose -2*b + 2*r = -58, -4*b - 46 = 4*r - 130. Calculate the remainder when b is divided by 9.
7
Let b(o) = 4*o**2 - 2*o - 1. Let j be b(-1). Suppose 0*v - 4*v = -12, j*v - 44 = -g. What is the remainder when g is divided by 3/((-2)/(20/(-3)))?
9
Calculate the remainder when 68 is divided by 18/(-3)*6*(-2 - -1).
32
Suppose -4*h + 125 = -31. Calculate the remainder when 155 is divided by h.
38
Let c(y) = y**2 + 4*y + 3. Let o be c(-4). Let b = o - -1. Suppose 0 = -b*l - 4*k + 52, -4*l - 5 = -5*k - 30. What is the remainder when 28 is divided by l?
8
Suppose -2*r = -3*r - 2. What is the remainder when 21 is divided by 0/r + 8 + 3?
10
Suppose -4*r = -0*l + 4*l - 132, -r - 115 = -3*l. What is the remainder when 72 is divided by l?
35
Suppose 8*t - 175 - 25 = 0. Calculate the remainder when 72 is divided by t.
22
Let k(h) = h**2 - 11*h + 2. Let n be k(10). Let y = 3 - 4. Calculate the remainder when (-28)/n*(3 + y) is divided by 3.
1
Suppose t - 30 = 2*c, 3*c = 4*t - c - 100. What is the remainder when 57 is divided by t?
17
Let j = 11 - 9. Suppose 4*n - 13 = -3*g, 2*n + j*n = g - 15. What is the remainder when -39*2/(-6*1) is divided by g?
6
Let x = 4 - 12. Suppose 5*w - 7 = t, 0 = -4*w + 2*t - 4*t. Calculate the remainder when 15 is divided by w/4 - 62/x.
7
Suppose 2*s - 7*s + 115 = 0. Calculate the remainder when s is divided by 13.
10
Let g(p) = -5*p - 3. Let t be g(-3). Let q = 17 + t. What is the remainder when q is divided by 8?
5
Let s be (-1 - -1)*(-4)/8. Suppose 4*l = -s*l + 112. Calculate the remainder when l is divided by 1/4 + 59/4.
13
Let p = -53 + 61. Calculate the remainder when 142 is divided by p.
6
Let h(c) = 4*c**2 + 2. Suppose -3*k + 278 = -232. Suppose 2*v - 7*v = -k. What is the remainder when v is divided by h(2)?
16
Let y(m) = m + 52. Let k be 0 + 3 + -1*3. Suppose 0 = 2*a - 20 - 16. What is the remainder when y(k) is divided by a?
16
Let q(z) = 8*z - 5. Let u(c) = -7*c + 4. Let n(g) = -4*q(g) - 5*u(g). What is the remainder when n(8) is divided by 13?
11
Suppose -5*n + 85 = 25. Let y(o) = 33*o - 21. Calculate the remainder when y(2) is divided by n.
9
Let x = 11 + -9. Calculate the remainder when 1/x + 35/14 is divided by 2.
1
Suppose i + y = -7 + 18, -4*i = -5*y - 35. Calculate the remainder when 24 is divided by i.
4
Suppose 2*h - 466 = -5*g + 231, 0 = -4*h - 16. Calculate the remainder when g is divided by 48.
45
Suppose u = -3 + 8. What is the remainder when 9 is divided by u?
4
Let y = 25 - 16. What is the remainder when 34 is divided by y?
7
Calculate the remainder when (-2)/(-4) - ((-11778)/(-12))/(-13) is divided by 33.
10
Let r = -16 + 22. Let c(f) = -7 + 2*f + 1 + 1 + 4. Calculate the remainder when 31 is divided by c(r).
9
Suppose -3*h = 9 + 3. Let b = 12 - h. What is the remainder when 44 is divided by b?
12
Let i = -26 - -24. Calculate the remainder when 30 is divided by 110/(-15)*3/i.
8
Let y(m) = -m**2 - 15*m - 11. Suppose -2*o + 5 = -21. Calculate the remainder when y(-12) is divided by o.
12
Let g = 23 - 21. Calculate the remainder when 175/g*(-4)/(-5) is divided by 24.
22
Let v(t) = 2*t + 3. Let y be v(-3). Let f(j) = -2*j**3 - 5*j**2 - 3*j - 4. Let k(i) = 2*i**2 + 9*i - 10. What is the remainder when f(y) is divided by k(-6)?
6
Let h(z) be the second derivative of 0 + 5/2*z**2 + 1/6*z**3 + 2*z. What is the remainder when 1 is divided by h(-4)?
0
Suppose 5*q = 2 + 13. Let o = q + -2. Calculate the remainder when 2 is divided by o.
0
Let z = 259 - 407. What is the remainder when 1/(-3) + z/(-3) is divided by 13?
10
Suppose -12 = -h - 2*h. Suppose -x = a - 4, 3*x = -4*a + 17 - h. Let p(t) = -t + 6. Calculate the remainder when p(5) is divided by a.
0
Let b = -45 - -84. Let v = b + -27. Calculate the remainder when 22 is divided by v.
10
Suppose -2*d + 73 = 2*h - 15, 2*d = 5*h + 88. Calculate the remainder when d is divided by 15.
14
Let w(x) = -4*x - 10. Calculate the remainder when w(-10) is divided by 11.
8
Suppose -2*o + 4 = -0*o. Suppose 3*s = 5*q + 29 + 3, -o*q + 86 = 4*s. Let g = 32 - 22. Calculate the remainder when s is divided by g.
9
Let h(d) = -d - 3. Let r be h(0). Let y(p) be the third derivative of -p**4/6 + p**3/6 + p**2. Calculate the remainder when 24 is divided by y(r).
11
Suppose 2*p - 152 + 34 = 0. Calculate the remainder when p is divided by 20.
19
Let f(l) = -l**2 - 14*l + 16. Let h(y) = 2*y**2 + 27*y - 32. Let v(j) = 11*f(j) + 6*h(j). Calculate the remainder when 31 is divided by v(-11).
14
Suppose 2*n - 2*h = 18, 5*h = 3*n - 23 - 0. What is the remainder when n is divided by 7?
4
Suppose 7 = -2*j - 2*c + 35, 5*c + 26 = 3*j. Calculate the remainder when 19 is divided by j.
7
Suppose -12 = 3*j + 6. Suppose -8*v = 133 - 29. Let d = j - v. What is the remainder when d is divided by 3?
1
Let i(v) = -v**2 - 6*v + 2. Let l be i(-6). Suppose 5*x = l*h, 3*h - 5 = 3*x + 4. What is the remainder when 3 is divided by x?
1
Let t = -13 - -17. Calculate the remainder when 64 - t/(1 + 1) is divided by 21.
20
Suppose 0 = -5*n + 130 - 15. Let f(l) = l**2 + l - 4. What is the remainder when n is divided by f(-4)?
7
Suppose 2*k - 4*n + 32 = 0, 0*n - 12 = 3*n. Calculate the remainder when (-400)/k*(-12)/(-10) is divided by 11.
9
Let s(i) = 24*i**3 - i + 1. Let h be s(1). Suppose 0 = x + 3*x - h. What is the remainder when x is divided by 2 - (-3 - (-2 + 1))?
2
Let p(u) = 11*u + 3. Suppose 3*a + 2*b = 357 - 137, 4*a = -b + 290. Calculate the remainder when a is divided by p(2).
22
Suppose -14*t = -9*t - 515. Calculate the remainder when t is divided by 21.
19
Let y(b) = b**2 + b - 17. What is the remainder when (-190)/(-4) + (-2)/(-4) is divided by y(-7)?
23
Let g = 713 + 66. Suppose -5*m - 14 = -g. Suppose 2*u = 4, 8*w - 3*u = 5*w + m. What is the remainder when w is divided by 18?
17
Suppose 8*i = 97 + 7. Calculate the remainder when i is divided by (1/2)/(1/14).
6
Calculate the remainder when 43 is divided by (-395)/(-45) - (4/18)/(-1).
7
Calculate the remainder when ((-2)/5 - 0) + (-1774)/(-10) is divided by 30.
27
Let n(b) = -b - 10*b + 1 + 0*b. Let q = 1 - 2. Calculate the remainder when 22 is divided by n(q).
10
Suppose a - 15 + 1 = 2*c, 0 = 2*a + 4*c + 4. Calculate the remainder when 5/(-5) + a + 2 is divided by 2.
1
Calculate the remainder when 31 is divided by 2/9 - 776/(-72).
9
Suppose 3*p + 171 = 3*b - 2*p, -5*b = 5*p - 285. Let v = -39 + b. Let n = 30 - 20. Calculate the remainder when v is divided by n.
8
Let v = 2 + 3. Suppose -p + 12 = -v*y, 2*y + 53 = 3*p + 4*y. Suppose 4*q - 7 = m, 2*m + 2*q - 35 = -m. Calc